18*i + 20. Let j be (1305/522)/((-1)/(-6)). What is n(j)?
-25
Let j(a) be the second derivative of a**5/20 + a**4/6 + 2*a**3/3 - 9746*a. What is j(-3)?
-21
Let o(f) be the second derivative of -f**4/24 - 5*f**3/2 - 12*f**2 - 284*f. Let n(m) be the first derivative of o(m). What is n(-12)?
-3
Suppose -118 = 14*k - 34. Let f be (8/(-3))/(4/k). Let g(j) = 251*j - f - 252*j + 1 + 13. What is g(9)?
1
Suppose -f - 2*f + 3 = 0. Let x(h) = -h**2 - 1. Let k(n) = -6*n**2 + 275*n - 138*n - 3 - 139*n. Let g(q) = k(q) - 4*x(q). What is g(f)?
-3
Let j(u) = 13*u**2 - u - 21. Let f(c) = 9*c**2 + c - 23. Let x(k) = 3*f(k) - 2*j(k). Give x(-8).
-3
Let a = 476 - 306. Let k = a - 164. Let h(o) = -o**3 + 5*o**2 + 6*o - 3. Calculate h(k).
-3
Let t(s) = -s**2 + 13*s + 28. Suppose -5*d = o - 73, 4*o = -85*d + 93*d - 100. What is t(d)?
14
Suppose 11*o = 12*o - 7. Let d(s) = s**3 - 6*s**2 - 5*s - 3. Calculate d(o).
11
Let p(b) = 0*b + 10*b + 39 - 46 - 62. Calculate p(7).
1
Let a be (-58)/(-87) + (-38)/(-6). Let v(w) = -a + 5 + 0 - 8*w + 7*w + 2*w. Calculate v(-6).
-8
Let v(s) be the third derivative of -s**4/12 + 11*s**3/2 + 826*s**2. Give v(-17).
67
Let z(f) = f**3 - f**2 - f - 4. Let m(k) = -12*k - 88. Let b be m(-8). Let g be -16*4/b - -11. Determine z(g).
11
Let g = -24 + 27. Suppose -3*q + 6*q + 42 = g*w, -5*q + 65 = 4*w. Let b(i) = i**2 - 16*i - w*i + 36*i. Determine b(-6).
6
Let g(d) = -4*d**2 + 3*d - 8*d + 7 - 2*d - d. Let k(r) = 3*r**2 + 7*r - 6. Let p(i) = 2*g(i) + 3*k(i). Determine p(-6).
2
Let y(h) be the third derivative of 1/15*h**5 - 1/24*h**4 - 1/6*h**3 + 0 + 0*h + 3*h**2 - 1/120*h**6. What is y(3)?
5
Let a(v) be the third derivative of v**4/24 + v**3/6 - 13*v**2. Let k = -93 - -83. Let i be ((-14)/k)/(7/(-35)). Calculate a(i).
-6
Let b(w) = w + 0*w**2 - 2 + 4 - 2*w**2. Let n = 767 + -765. Determine b(n).
-4
Let c(j) be the second derivative of j**4/12 + 4*j**3/3 + 17*j**2/2 + 343*j. Let i(b) = 2*b**2 - 8*b - 17. Let t be i(5). What is c(t)?
10
Suppose 3*u + 5*s - 2 = 2*u, -2*s - 28 = 4*u. Let c(w) = -w**2 - 5*w + 9. Determine c(u).
-15
Let x(f) be the third derivative of -f**5/60 + 11*f**4/24 + 3*f**3 + 121*f**2. Let p be x(13). Let y(i) = i + 8. What is y(p)?
0
Let b(c) = -4*c + 4. Let t(a) = -a. Let q(x) = -b(x) + 5*t(x). Let j = -83 + 81. Let o be (-2 - j)/((-1)/(6/18)). Give q(o).
-4
Let g be 20 + (-5)/30*-6. Let r(t) = 68 - 24 - 28 - g + 2*t. Determine r(4).
3
Let d(c) = -c - 2. Suppose -266*n = -259*n + 49. Give d(n).
5
Let p(u) be the first derivative of 5/2*u**2 - 4*u + 86. Determine p(3).
11
Let o be (4/(-3))/(-59 + 65) - 225/81. Let z(r) = -21*r - 13. Calculate z(o).
50
Let g(q) = -2*q - 8. Let c(x) = 4*x**3 + 14*x**2 - 200*x - 15. Let s be c(-9). What is g(s)?
-14
Let o(a) = 0*a - 16 + 10 + 2*a**2 - 5*a + 4. Let s = -23 + 27. Determine o(s).
10
Let w(y) = y**2 + 14*y - 26. Let o be w(-16). Suppose 5*h - 6 = 2*h. Let t(x) = 1 - 11*x**3 - 7*x**2 + 2*x**2 + 12*x**3 - x**h. What is t(o)?
1
Let f(b) be the third derivative of -b**7/360 + 9*b**4/4 + b**3/3 + 33*b**2 - 3. Let w(y) be the second derivative of f(y). Give w(1).
-7
Let b(r) be the third derivative of r**6/120 + r**5/10 - 5*r**4/24 + 23*r**3/6 - 11*r**2 - 18*r. Give b(-7).
9
Let f(t) = t**3 + 5*t**2 + 5*t + 5. Let i be f(-4). Let o(k) = 5 - 5 - k - 7 + 6*k. Let y be o(i). Let a(h) = h + 1. Calculate a(y).
-1
Let r(w) = w**2 - 3*w - 4. Let n(m) = -m - 4. Let f be n(-1). Let a be 6 - -26 - (f - 1). Let o be (-6)/(-27) - (-136)/a. Calculate r(o).
0
Let i = -260 - -266. Let x(h) = -7*h - 3. Let q(s) = -10*s - 4. Let p(w) = i*x(w) - 4*q(w). What is p(3)?
-8
Let c be 186/(-341) + 166/22 + 7*-1. Let z(y) be the third derivative of -10*y**2 + 0*y + c + 0*y**3 + 1/6*y**4. Calculate z(-3).
-12
Let m(c) = c**2 + 12*c - 13. Let l be m(1). Suppose 4*p - 20 = 32. Suppose l = -p*q + 15*q - 2. Let a(h) = 7*h**2 - 2*h + 1. Determine a(q).
6
Let d = 51 - 49. Let o(g) = 2*g**2 + 2*g**d + 3*g + g**3 - 16 + 2*g**2 + 17. Suppose -k + 6*k + 25 = 0. Calculate o(k).
11
Let j = 5205 + -5202. Let g(u) = -2*u**3 + 2*u**2 - u - 2. What is g(j)?
-41
Let c(j) be the second derivative of 0*j**4 + 0*j**3 - 5*j**2 - 1/20*j**5 - 218*j + 0. Let t(l) = -l**3 + l**2. Let o be t(0). Determine c(o).
-10
Suppose -9*m = -6*m - 9. Let h(r) be the first derivative of r**4/4 - r**3 + r**2/2 - 3*r + 19. What is h(m)?
0
Let t(y) = 36145*y + 36158*y - 72293*y - 9. Give t(-2).
-29
Let t(o) = o**3 - 430*o**2 + 3378*o - 20. Let h be t(8). Let m(x) be the second derivative of x**5/20 + 5*x**4/12 - x**3/3 + x**2/2 - x. Give m(h).
25
Let r = -169 - -173. Let q(x) = -18 + 13*x + r + 13. Determine q(1).
12
Let m(n) = n + 1. Let h(s) = -3*s**2 + 19*s + 15. Let y(r) = h(r) - 6*m(r). Let p(o) = -5*o**2 + 13*o + 7. Let t(l) = -2*p(l) + 3*y(l). What is t(-12)?
1
Let a(m) = -6*m**2 + 11*m - 57. Let q(z) = 5*z**2 - 10*z + 44. Let c(n) = 4*a(n) + 5*q(n). Suppose 5*k + i + 10 = 6*k, 26 = 2*k - 4*i. Calculate c(k).
-1
Suppose 3*s + 6 = 0, 4*s + 0*s = m - 48. Let x = -119 - -259. Let n be m/x - 18/14. Let j(c) = c + 2. What is j(n)?
1
Let p(b) = 6*b**2 + 18*b - 92. Let v(x) = 2*x**2 - 2*x - 4. Let l(s) = -p(s) + 4*v(s). What is l(5)?
-4
Let o(q) = -q**2 - 8*q + 24. Let y be o(-10). Suppose -3*v - 3*b = 2*b - 28, v - b = y. Let i(z) = z**3 - 5*z**2 - 6*z. Calculate i(v).
0
Let k(c) = -9*c**2 - 11*c - 17. Let q be -1 + (8/4 - -2). Let x(a) = 3 + 13712*a + 4*a**2 - 13706*a + 5. Let b(t) = q*k(t) + 7*x(t). Give b(-5).
-15
Let a(z) = -5*z**2 - 16*z - 9. Let x(t) = 2*t**2 + 8*t + 4. Let j(p) = 3*a(p) + 7*x(p). Let f(n) = n**3 - 11*n**2 + 15*n + 33. Let s be f(9). Give j(s).
13
Suppose -4*i + i = 6, 0 = 3*b - 2*i - 22. Suppose 10*r - 20 = -0*r. Let d(q) = 8*q**2 + 5 + 6*q + 8*q**3 - 11*q**3 + 2*q**3 - 3*q**r. Give d(b).
5
Let x(k) = 2*k**3 - 16*k**2 - 22*k + 24. Let c = -494 + 503. Let i be x(c). Let y(h) = -h - 24. Give y(i).
-12
Let x(w) = 9*w + 213. Let t be x(-24). Let s be 117/39*4/t. Let y(m) be the second derivative of m**5/20 + m**4/3 - 3*m**2/2 - m. What is y(s)?
-3
Let q(y) = 4*y + 14. Let c be (14/(-70))/(1/(-410)). Suppose -65*o = -c*o - 102. What is q(o)?
-10
Let r(m) = -m - 2427*m**2 - 2*m + 2429*m**2 - 3. Determine r(-5).
62
Suppose 5 = -0*x + 5*x. Suppose -4*r = 5 - x. Let j(m) = 2. Let i(s) = 5*s - 40. Let h(w) = -i(w) - 20*j(w). Calculate h(r).
5
Suppose -5*m + 8*m + 216 = 3*c, 2*c + 5*m - 144 = 0. Let b(i) = 4 - 72*i**2 + c*i**2 + 111*i**3 - 8*i - 110*i**3. Give b(3).
7
Let c(s) = 7573*s - 15140*s + 7572*s + 57 + 5. Determine c(-17).
-23
Suppose -j + 20 = -5*g - 6, 4*j = 5*g + 59. Let p(f) = -18*f + f**2 + j*f + 3 + 1 + 3. Let s(h) = h**2 + 7*h + 16. Let r be s(-5). Give p(r).
1
Let z(l) = 5330*l - l**3 - 5 + 5318*l - 10673*l - 11*l**2. What is z(-8)?
3
Suppose 1 - 7 = -n. Let z(p) = -36*p - 34*p - 83*p + 187*p - 33*p + 7. Calculate z(n).
13
Let q = 42 - 28. Let h = q + -20. Let k(w) be the second derivative of w**4/12 + 2*w**3/3 + 2*w**2 + 184*w - 3. Give k(h).
16
Let y(z) be the first derivative of -z**4/4 - z**3/3 - 2*z + 1. Let a be ((-8 + 126/14)*0/(-4))/1. Calculate y(a).
-2
Let u(o) = -o**3 + 17*o**2 + o + 1. Let t be u(17). Suppose 0 = 5*b - 2*a - t, 2*a + 43 = b + 41. Let x(n) = -1 - n + 6 - 4*n. Determine x(b).
-15
Let t(f) = 3*f**2 - 5*f - 6. Let n(h) = -h**2 + h - 1. Let w(b) = -2*n(b) - t(b). Let o = 124 - 117. What is w(o)?
-20
Let g(u) = -3*u - 7. Let r(c) = -4*c + 4. Let k be r(0). Let x(d) = -d - 1. Let m(q) = k*x(q) - g(q). Give m(5).
-2
Let v(w) = -14001*w - 3 + 28003*w - 2*w**2 - 13997*w. Suppose c = -c + 8. Determine v(c).
-15
Let k(v) = 5*v**3 - v**2 - v - 1. Let q be (48/15)/(147/(-35) - -4). Let x = 15 + q. Determine k(x).
-6
Let q(w) = -2*w**3 - w**2 + 46*w + 39. Let p be q(5). Let t(r) be the second derivative of -r**3/3 - 7*r**2/2 - r. Give t(p).
5
Let v(a) = 58*a - 82*a + 111 + 37*a. Determine v(-9).
-6
Let a be 10/(-2 + 1 + 3). Suppose -4*c - a*b = -2 + 34, -2*c = -5*b - 14. Let o(k) = -3*k**2 - 9*k - 5. Give o(c).
-5
Let b(s) = -s**2 + s + 5. Let o(a) = 2*a + 3. Let c be o(1). Suppose 3*n + 5 = -2*n. Let x be ((1 + n)*c/(-10))/1. Give b(x).
5
Let s = -9751 + 9752. Let u(v) = -35*v + 32. Determine u(s).
-3
Let p be 1 + 1 + -5 + 9. Let z(w) = -3*w**3 - 15*w**2 - 10*w + 7. Let x(a) = -4*a**3 - 22*a**2 - 15*a 